35)/18)/((-1)/2). Let k be 3/z - (-807)/15. Let s = -18 + k. List the prime factors of s.
2, 3
Let v(x) = -3*x + 2*x + 134*x**2 + x - x. What are the prime factors of v(-1)?
3, 5
List the prime factors of 26958/16 + (-14 - 791/(-56)).
5, 337
Let k be 10/(-25) + 54/10. Suppose 0 = 4*d - k*u + 15, -3*u = 7*d - 3*d - 9. Suppose d*f = -3*f + 141. List the prime factors of f.
47
Let j(v) = -v**3 + 10*v**2 + 7. Let y be j(10). Suppose 0 = 3*n - y*n + 4. List the prime factors of 34 + (n - (1 - -3)).
31
Let r = 70 - 67. Suppose -10*s + 1560 = r*s. What are the prime factors of s?
2, 3, 5
Let a(n) = n**2 + 5*n + 2. Let r be a(-5). List the prime factors of ((-278)/(-6))/((-4)/(-24)*r).
139
List the prime factors of 76*((-45)/20 + 5).
11, 19
List the prime factors of 42563/31 + (7 - -1)/(-2).
37
Suppose -3*a = v - 8 - 5, 2*a - 12 = -4*v. Suppose -2*s + 5 + v = 0. Suppose -3*r - s*p = 2*p - 56, 5*p + 10 = 0. List the prime factors of r.
2, 11
Let v = -5 + 12. Suppose -4*k + v*k = 4*h + 81, 2*k + 5*h = 77. List the prime factors of k.
31
Suppose -33 = -7*p + 23. What are the prime factors of (1185/(-10))/((-6)/p)?
2, 79
Let j(l) = l**3 + 8*l**2 - 9*l + 2. Let v be -12 + 6*(-1)/(-2). Let g be j(v). Suppose -4*b - 4*o = -96, g*o + 2*o - 69 = -3*b. List the prime factors of b.
3
Let c be -3 + -5*(-2 - -3). Let y be -8*4/c - -8. Let d = y - -12. List the prime factors of d.
2, 3
Suppose -526 = -8*u + 7*u + 4*j, 0 = -5*j - 15. What are the prime factors of u?
2, 257
Let w(f) = 112*f**2 + f - 3. Let p be w(1). Let j = p - 39. List the prime factors of j.
71
Let t(n) = 10*n**2 - n - 4. Let x = 72 - 74. List the prime factors of t(x).
2, 19
Suppose 5*x - 2 = 4*c - 0*c, 4 = 2*x. Suppose -k + 18 = c*k. Suppose -3*n = -k*j + j + 241, -j - 5*n = -37. What are the prime factors of j?
47
Suppose 122 = 7*i + 1158. Let z = -92 - i. List the prime factors of z.
2, 7
Suppose -2*p - 3518 = 7*o - 11*o, -4405 = -5*o - 5*p. List the prime factors of o.
2, 5, 11
Let k(z) = 7*z**2 + 3*z + 7. Suppose 3*v - 1 = -13. What are the prime factors of k(v)?
107
Suppose 15*a + 5586 - 22866 = 0. What are the prime factors of a?
2, 3
Let f = 836 - 455. List the prime factors of f.
3, 127
List the prime factors of 7 - 25668/(-45) - 3/(-5).
2, 17
Suppose -5*n + 5*m = -375, 7*m = 3*n + 6*m - 223. List the prime factors of n.
2, 37
Let i(p) = -p**2 - 11*p + 13. Let g be i(12). Let k = 431 + g. List the prime factors of k.
2, 3, 7
Let q(i) = -i - 7. Let p be q(-5). Let t(f) = -2*f**2 - 3. Let b(u) = u**2 + 1. Let a(w) = 7*b(w) + 2*t(w). What are the prime factors of a(p)?
13
Let p(a) = -a**2 + 12*a - 8. Let f be p(11). Suppose f*d = -4*m + 258, -2*m + 0*m + 140 = -4*d. What are the prime factors of m?
2, 3, 11
Let x(b) = b**2 + 5*b + 5. Let k be x(-2). Let l be 18/3 + k + 4. Let g = -3 + l. List the prime factors of g.
2, 3
Let x(a) = a**3 + 8*a**2 + 6*a - 4. Let m be x(-7). Suppose m*w + 0*w = 210. Suppose 7 - w = -3*k. List the prime factors of k.
3, 7
Suppose -19958 = -d - 4*d + 4*t, -5*d + 19948 = t. What are the prime factors of d?
2, 3, 5, 7, 19
Let i(l) = -l**3 - 11*l**2 - 21*l + 17. Let c be i(-15). Suppose 6*q - c = 2*q + 5*u, 4*q = -5*u + 1272. List the prime factors of q.
313
Let u be ((-44)/(-10) + -4)/((-1)/5). What are the prime factors of u*1*(-296)/16?
37
Suppose -5*n = 2*v - 40 + 13, -4*n + 25 = 5*v. Suppose -12*i + 651 = -n*i. What are the prime factors of i?
3, 31
Suppose -996 - 7 = -o. What are the prime factors of o?
17, 59
Let x = 5317 + -1756. What are the prime factors of x?
3, 1187
Let n(u) = -4*u**2 + 10*u + 1. Let m be n(7). Let h = 188 + m. What are the prime factors of h?
3, 7
Suppose l - 6 = -2. Suppose l*n = -n + 150. List the prime factors of n.
2, 3, 5
Suppose -5*w + 16 = -4*w. Let y be (2/3)/(w/552). Suppose 2*j = y + 47. What are the prime factors of j?
5, 7
Suppose -5*z - 2*u = -4197, 2*z - 1674 = -10*u + 14*u. List the prime factors of z.
839
Suppose -2*b = 5*w - 17951, -10*w + 12*w + b = 7180. What are the prime factors of w?
3, 7, 19
Suppose -4*l - 5*s = -69, -9 = -2*l - 5*s + 38. Let b(n) be the third derivative of n**5/60 - 7*n**4/24 - 5*n**3/6 + n**2. What are the prime factors of b(l)?
3, 13
Suppose -6 = -5*d + 3*d. Suppose 0*f - 4*f = -d*y + 4, -4*f = -2*y + 4. Suppose y = -5*u - 2*m + 29, 5*u - m - 37 + 14 = 0. List the prime factors of u.
5
Let y(z) = 2*z - 2. Let t be y(6). Suppose t = -3*m - 2*m, 15 = 3*b - 3*m. What are the prime factors of (-31)/(1/(-6)*b)?
2, 31
Suppose 3*t - 21 + 18 = 0. What are the prime factors of 4/(-1)*-27 + 3 + t?
2, 7
Suppose p + p = 46. Let d = -79 - -81. Suppose m - d*m = -p. What are the prime factors of m?
23
Suppose 3*i - 108 = i. Let j(q) = -5*q - 17. Let r be j(4). Let y = r + i. What are the prime factors of y?
17
Suppose -2*t = -4*i + 14, -3*i + 22 = 7. Suppose -d + 3*n + 67 = 0, 5*n = 8 - t. Suppose -2*l + d = -5*a, -a - 1 + 5 = 0. What are the prime factors of l?
3, 5
Suppose -x + 81 = 52. List the prime factors of x.
29
Let n = 47 + -92. Suppose -10 = w - 139. What are the prime factors of 2/(w/n + 3)?
3, 5
Suppose -4 = -2*t + 4*l + 4, -5*l = -4*t + 19. Suppose 295 = 4*m + 5*n - t*n, -275 = -4*m + 5*n. What are the prime factors of m?
3, 5
Let y = 844 - 516. Suppose -9*m + 1418 = -y. What are the prime factors of m?
2, 97
What are the prime factors of (12/16)/((-2)/(-1208))?
3, 151
Let u(k) = 9*k + 33. Let v = -11 + 8. Let j(s) = -4*s - 17. Let c(q) = v*u(q) - 7*j(q). List the prime factors of c(-14).
2, 3
Let v(h) = 13*h - 41. Let g be v(5). Let d = 94 - g. List the prime factors of d.
2, 5, 7
Let n = -7 + 12. Suppose 92 = -n*i + 357. What are the prime factors of i?
53
Let f(i) = -i**3 + 15*i**2 - 19. Suppose 5 + 25 = 2*a. Let t be f(a). Let y = t + 46. What are the prime factors of y?
3
Let x = -1183 - -1794. List the prime factors of x.
13, 47
Let m = 11 - -43. Suppose -4*w = 4*j - w - 100, 3*w + m = 3*j. List the prime factors of j.
2, 11
Let b(p) = 12*p**2 + 8*p**2 - 8*p - 19*p**2 - 9. Let j be b(9). Suppose -d + j = -4. What are the prime factors of d?
2
Let g = 28 + 251. List the prime factors of g.
3, 31
Let q(f) = -2*f**3 - 6*f**2 - 3*f + 19. List the prime factors of q(-4).
3, 7
Let b(w) = -w**3 + 22*w**2 - 32*w + 36. What are the prime factors of b(18)?
2, 3, 7
List the prime factors of (-27)/(-18)*940/6.
5, 47
Suppose -22*c + 34*c - 49056 = 0. What are the prime factors of c?
2, 7, 73
Suppose 29172 = -18*u + 92082. List the prime factors of u.
3, 5, 233
Suppose -r + 23 = -5*z - 35, z = 2. Let d be (4/(-20))/(2 + 31/(-15)). Suppose -d*l + 2*i + 0*i = -86, 4*i = 2*l - r. List the prime factors of l.
2, 13
Let s(y) = 5*y - 10. Let j be s(3). Suppose j*l + g = 36, 0*l - 2*g + 23 = 3*l. Suppose -27 - l = -f. List the prime factors of f.
2, 17
Let s(r) = r**2 - 28*r - 20. List the prime factors of s(32).
2, 3
Let y(h) = h**3 - 3*h**2 - 4*h + 2. Let u = -19 - -23. Let p be y(u). What are the prime factors of 28 - p/((-2)/1)?
29
Suppose 2*l + 3*l = -375. Suppose 0 = -3*j - q - 155, 0 = 5*j - 2*q - 3*q + 225. Let r = j - l. What are the prime factors of r?
5
Suppose -6*c = -3*c + z - 163, 0 = 5*c - 4*z - 266. Suppose -7*m = -8*m + c. What are the prime factors of m?
2, 3
Suppose -5*u - 3*k = -440, 4*u - 4*k - 162 = 222. Let c = 244 - u. List the prime factors of c.
3, 17
Let s(u) = 31*u - 3 - 10*u - 10. List the prime factors of s(4).
71
Let d(u) = u**2 - 6*u - 1. Let p be d(-5). Suppose 0*g + 2*g = p. What are the prime factors of ((-12)/(-4))/9*g?
3
Suppose 57069 = 18*v - 19251. What are the prime factors of v?
2, 5, 53
Let l = 64 - 61. Suppose -10*o + 15*o - 380 = 2*f, l*o - 5*f - 228 = 0. List the prime factors of o.
2, 19
Let g(l) = -l**2 - l + 10. Let z be g(3). Let k = z - -88. What are the prime factors of k?
2, 43
Suppose 4*s = -3*o + 7781, 4*o - 44*s + 42*s - 10404 = 0. List the prime factors of o.
23, 113
Let g be (-2)/(-2) - (-11 + -3). Suppose 4*f - 326 = -m, -3*m = f + g - 91. List the prime factors of f.
2, 41
Let x(w) = w**3 + 6*w**2 - 8*w - 15. Let f be 4/(-6) + 224/(-42). What are the prime factors of x(f)?
3, 11
Let b = 30 - 26. List the prime factors of (-40)/14*(-14)/b.
2, 5
Suppose 0 = -3*l - 5*h + 600, 3*l = 7*l - 4*h - 800. List the prime factors of l.
2, 5
What are the prim